{"id":2132,"date":"2024-09-23T14:05:37","date_gmt":"2024-09-23T12:05:37","guid":{"rendered":"https:\/\/www.lorenz-iblher.com\/de\/?page_id=2132"},"modified":"2024-09-23T14:07:27","modified_gmt":"2024-09-23T12:07:27","slug":"about-me","status":"publish","type":"page","link":"https:\/\/www.lorenz-iblher.com\/de\/about-me\/","title":{"rendered":"About Me"},"content":{"rendered":"\n<div class=\"wp-block-columns is-layout-flex wp-container-core-columns-is-layout-9d6595d7 wp-block-columns-is-layout-flex\">\n<div class=\"wp-block-column is-vertically-aligned-center is-layout-flow wp-block-column-is-layout-flow\">\n<h1 class=\"wp-block-heading has-text-align-left\"><strong>Lorenz Iblher<\/strong><\/h1>\n\n\n\n<p><\/p>\n\n\n\n<p><\/p>\n\n\n\n<p><\/p>\n\n\n\n<h5 class=\"wp-block-heading\"><\/h5>\n\n\n\n<p class=\"has-medium-font-size\">Ich wurde im S\u00fcden Portugals, in der N\u00e4he von Sagres, als Sohn deutscher Eltern geboren und bin dort aufgewachsen. Schon in meiner Kindheit haben die K\u00fcste und die au\u00dfergew\u00f6hnliche Landschaft meiner Heimat mich dazu inspiriert, zu fotografieren, und so wurde die Kamera zu meinem Arbeitswerkzeug.<\/p>\n\n\n\n<p class=\"has-medium-font-size\">Nach meinem Abitur im Jahr 2020 zog ich nach Lissabon, wo ich meinen Bachelor in Fotografie an der Universidade Lus\u00f3fona de Lisboa machte. Im Jahr 2023 absolvierte ich au\u00dferdem ein Praktikum im Produktfotografie Studio PhotoAdd by Ricardo Lamy.<\/p>\n\n\n\n<p class=\"has-medium-font-size\">Derzeit arbeite ich als freiberuflicher Fotograf.<\/p>\n<\/div>\n\n\n\n<div class=\"wp-block-column is-layout-flow wp-block-column-is-layout-flow\">\n<figure class=\"wp-block-image size-large\"><img decoding=\"async\" src=\"https:\/\/www.lorenz-iblher.com\/wp-content\/uploads\/2024\/03\/Profile-1024x1024.jpg\" alt=\"\" class=\"wp-image-905\"\/><\/figure>\n<\/div>\n<\/div>\n","protected":false},"excerpt":{"rendered":"<p>Lorenz Iblher Ich wurde im S\u00fcden Portugals, in der N\u00e4he von Sagres, als Sohn deutscher Eltern geboren und bin dort aufgewachsen. Schon in meiner Kindheit haben die K\u00fcste und die au\u00dfergew\u00f6hnliche Landschaft meiner Heimat mich dazu inspiriert, zu fotografieren, und so wurde die Kamera zu meinem Arbeitswerkzeug. Nach meinem Abitur im Jahr 2020 zog ich [&hellip;]<\/p>\n","protected":false},"author":2,"featured_media":0,"parent":0,"menu_order":0,"comment_status":"closed","ping_status":"closed","template":"","meta":{"_acf_changed":false,"footnotes":""},"class_list":["post-2132","page","type-page","status-publish","hentry"],"acf":[],"yoast_head":"<!-- This site is optimized with the Yoast SEO plugin v24.4 - https:\/\/yoast.com\/wordpress\/plugins\/seo\/ -->\n<title>About Me - Lorenz Iblher<\/title>\n<meta name=\"robots\" content=\"index, follow, max-snippet:-1, max-image-preview:large, max-video-preview:-1\" \/>\n<link rel=\"canonical\" href=\"https:\/\/www.lorenz-iblher.com\/de\/about-me\/\" \/>\n<meta property=\"og:locale\" content=\"de_DE\" \/>\n<meta property=\"og:type\" content=\"article\" \/>\n<meta property=\"og:title\" content=\"About Me - Lorenz Iblher\" \/>\n<meta property=\"og:description\" content=\"Lorenz Iblher Ich wurde im S\u00fcden Portugals, in der N\u00e4he von Sagres, als Sohn deutscher Eltern geboren und bin dort aufgewachsen. Schon in meiner Kindheit haben die K\u00fcste und die au\u00dfergew\u00f6hnliche Landschaft meiner Heimat mich dazu inspiriert, zu fotografieren, und so wurde die Kamera zu meinem Arbeitswerkzeug. Nach meinem Abitur im Jahr 2020 zog ich [&hellip;]\" \/>\n<meta property=\"og:url\" content=\"https:\/\/www.lorenz-iblher.com\/de\/about-me\/\" \/>\n<meta property=\"og:site_name\" content=\"Lorenz Iblher\" \/>\n<meta property=\"article:modified_time\" content=\"2024-09-23T12:07:27+00:00\" \/>\n<meta property=\"og:image\" content=\"https:\/\/www.lorenz-iblher.com\/wp-content\/uploads\/2024\/03\/Profile-1024x1024.jpg\" \/>\n<meta name=\"twitter:card\" content=\"summary_large_image\" \/>\n<meta name=\"twitter:label1\" content=\"Gesch\u00e4tzte Lesezeit\" \/>\n\t<meta name=\"twitter:data1\" content=\"1\u00a0Minute\" \/>\n<script type=\"application\/ld+json\" class=\"yoast-schema-graph\">{\"@context\":\"https:\/\/schema.org\",\"@graph\":[{\"@type\":\"WebPage\",\"@id\":\"https:\/\/www.lorenz-iblher.com\/de\/about-me\/\",\"url\":\"https:\/\/www.lorenz-iblher.com\/de\/about-me\/\",\"name\":\"About Me - Lorenz Iblher\",\"isPartOf\":{\"@id\":\"https:\/\/www.lorenz-iblher.com\/de\/#website\"},\"primaryImageOfPage\":{\"@id\":\"https:\/\/www.lorenz-iblher.com\/de\/about-me\/#primaryimage\"},\"image\":{\"@id\":\"https:\/\/www.lorenz-iblher.com\/de\/about-me\/#primaryimage\"},\"thumbnailUrl\":\"https:\/\/www.lorenz-iblher.com\/wp-content\/uploads\/2024\/03\/Profile-1024x1024.jpg\",\"datePublished\":\"2024-09-23T12:05:37+00:00\",\"dateModified\":\"2024-09-23T12:07:27+00:00\",\"breadcrumb\":{\"@id\":\"https:\/\/www.lorenz-iblher.com\/de\/about-me\/#breadcrumb\"},\"inLanguage\":\"de\",\"potentialAction\":[{\"@type\":\"ReadAction\",\"target\":[\"https:\/\/www.lorenz-iblher.com\/de\/about-me\/\"]}]},{\"@type\":\"ImageObject\",\"inLanguage\":\"de\",\"@id\":\"https:\/\/www.lorenz-iblher.com\/de\/about-me\/#primaryimage\",\"url\":\"https:\/\/www.lorenz-iblher.com\/wp-content\/uploads\/2024\/03\/Profile-1024x1024.jpg\",\"contentUrl\":\"https:\/\/www.lorenz-iblher.com\/wp-content\/uploads\/2024\/03\/Profile-1024x1024.jpg\"},{\"@type\":\"BreadcrumbList\",\"@id\":\"https:\/\/www.lorenz-iblher.com\/de\/about-me\/#breadcrumb\",\"itemListElement\":[{\"@type\":\"ListItem\",\"position\":1,\"name\":\"Startseite\",\"item\":\"https:\/\/www.lorenz-iblher.com\/de\/\"},{\"@type\":\"ListItem\",\"position\":2,\"name\":\"About Me\"}]},{\"@type\":\"WebSite\",\"@id\":\"https:\/\/www.lorenz-iblher.com\/de\/#website\",\"url\":\"https:\/\/www.lorenz-iblher.com\/de\/\",\"name\":\"Lorenz Iblher\",\"description\":\"\",\"potentialAction\":[{\"@type\":\"SearchAction\",\"target\":{\"@type\":\"EntryPoint\",\"urlTemplate\":\"https:\/\/www.lorenz-iblher.com\/de\/?s={search_term_string}\"},\"query-input\":{\"@type\":\"PropertyValueSpecification\",\"valueRequired\":true,\"valueName\":\"search_term_string\"}}],\"inLanguage\":\"de\"}]}<\/script>\n<!-- \/ Yoast SEO plugin. -->","yoast_head_json":{"title":"About Me - Lorenz Iblher","robots":{"index":"index","follow":"follow","max-snippet":"max-snippet:-1","max-image-preview":"max-image-preview:large","max-video-preview":"max-video-preview:-1"},"canonical":"https:\/\/www.lorenz-iblher.com\/de\/about-me\/","og_locale":"de_DE","og_type":"article","og_title":"About Me - Lorenz Iblher","og_description":"Lorenz Iblher Ich wurde im S\u00fcden Portugals, in der N\u00e4he von Sagres, als Sohn deutscher Eltern geboren und bin dort aufgewachsen. Schon in meiner Kindheit haben die K\u00fcste und die au\u00dfergew\u00f6hnliche Landschaft meiner Heimat mich dazu inspiriert, zu fotografieren, und so wurde die Kamera zu meinem Arbeitswerkzeug. Nach meinem Abitur im Jahr 2020 zog ich [&hellip;]","og_url":"https:\/\/www.lorenz-iblher.com\/de\/about-me\/","og_site_name":"Lorenz Iblher","article_modified_time":"2024-09-23T12:07:27+00:00","og_image":[{"url":"https:\/\/www.lorenz-iblher.com\/wp-content\/uploads\/2024\/03\/Profile-1024x1024.jpg","type":"","width":"","height":""}],"twitter_card":"summary_large_image","twitter_misc":{"Gesch\u00e4tzte Lesezeit":"1\u00a0Minute"},"schema":{"@context":"https:\/\/schema.org","@graph":[{"@type":"WebPage","@id":"https:\/\/www.lorenz-iblher.com\/de\/about-me\/","url":"https:\/\/www.lorenz-iblher.com\/de\/about-me\/","name":"About Me - Lorenz Iblher","isPartOf":{"@id":"https:\/\/www.lorenz-iblher.com\/de\/#website"},"primaryImageOfPage":{"@id":"https:\/\/www.lorenz-iblher.com\/de\/about-me\/#primaryimage"},"image":{"@id":"https:\/\/www.lorenz-iblher.com\/de\/about-me\/#primaryimage"},"thumbnailUrl":"https:\/\/www.lorenz-iblher.com\/wp-content\/uploads\/2024\/03\/Profile-1024x1024.jpg","datePublished":"2024-09-23T12:05:37+00:00","dateModified":"2024-09-23T12:07:27+00:00","breadcrumb":{"@id":"https:\/\/www.lorenz-iblher.com\/de\/about-me\/#breadcrumb"},"inLanguage":"de","potentialAction":[{"@type":"ReadAction","target":["https:\/\/www.lorenz-iblher.com\/de\/about-me\/"]}]},{"@type":"ImageObject","inLanguage":"de","@id":"https:\/\/www.lorenz-iblher.com\/de\/about-me\/#primaryimage","url":"https:\/\/www.lorenz-iblher.com\/wp-content\/uploads\/2024\/03\/Profile-1024x1024.jpg","contentUrl":"https:\/\/www.lorenz-iblher.com\/wp-content\/uploads\/2024\/03\/Profile-1024x1024.jpg"},{"@type":"BreadcrumbList","@id":"https:\/\/www.lorenz-iblher.com\/de\/about-me\/#breadcrumb","itemListElement":[{"@type":"ListItem","position":1,"name":"Startseite","item":"https:\/\/www.lorenz-iblher.com\/de\/"},{"@type":"ListItem","position":2,"name":"About Me"}]},{"@type":"WebSite","@id":"https:\/\/www.lorenz-iblher.com\/de\/#website","url":"https:\/\/www.lorenz-iblher.com\/de\/","name":"Lorenz Iblher","description":"","potentialAction":[{"@type":"SearchAction","target":{"@type":"EntryPoint","urlTemplate":"https:\/\/www.lorenz-iblher.com\/de\/?s={search_term_string}"},"query-input":{"@type":"PropertyValueSpecification","valueRequired":true,"valueName":"search_term_string"}}],"inLanguage":"de"}]}},"_links":{"self":[{"href":"https:\/\/www.lorenz-iblher.com\/de\/wp-json\/wp\/v2\/pages\/2132","targetHints":{"allow":["GET"]}}],"collection":[{"href":"https:\/\/www.lorenz-iblher.com\/de\/wp-json\/wp\/v2\/pages"}],"about":[{"href":"https:\/\/www.lorenz-iblher.com\/de\/wp-json\/wp\/v2\/types\/page"}],"author":[{"embeddable":true,"href":"https:\/\/www.lorenz-iblher.com\/de\/wp-json\/wp\/v2\/users\/2"}],"replies":[{"embeddable":true,"href":"https:\/\/www.lorenz-iblher.com\/de\/wp-json\/wp\/v2\/comments?post=2132"}],"version-history":[{"count":1,"href":"https:\/\/www.lorenz-iblher.com\/de\/wp-json\/wp\/v2\/pages\/2132\/revisions"}],"predecessor-version":[{"id":2133,"href":"https:\/\/www.lorenz-iblher.com\/de\/wp-json\/wp\/v2\/pages\/2132\/revisions\/2133"}],"wp:attachment":[{"href":"https:\/\/www.lorenz-iblher.com\/de\/wp-json\/wp\/v2\/media?parent=2132"}],"curies":[{"name":"wp","href":"https:\/\/api.w.org\/{rel}","templated":true}]}}

<div class="wp-block-columns is-layout-flex wp-container-core-columns-is-layout-9d6595d7 wp-block-columns-is-layout-flex">
<div class="wp-block-column is-vertically-aligned-center is-layout-flow wp-block-column-is-layout-flow">
<h1 class="wp-block-heading has-text-align-left"><strong>Lorenz Iblher</strong></h1>



<p></p>



<p></p>



<p></p>



<h5 class="wp-block-heading"></h5>



<p class="has-medium-font-size">Ich wurde im Süden Portugals, in der Nähe von Sagres, als Sohn deutscher Eltern geboren und bin dort aufgewachsen. Schon in meiner Kindheit haben die Küste und die außergewöhnliche Landschaft meiner Heimat mich dazu inspiriert, zu fotografieren, und so wurde die Kamera zu meinem Arbeitswerkzeug.</p>



<p class="has-medium-font-size">Nach meinem Abitur im Jahr 2020 zog ich nach Lissabon, wo ich meinen Bachelor in Fotografie an der Universidade Lusófona de Lisboa machte. Im Jahr 2023 absolvierte ich außerdem ein Praktikum im Produktfotografie Studio PhotoAdd by Ricardo Lamy.</p>



<p class="has-medium-font-size">Derzeit arbeite ich als freiberuflicher Fotograf.</p>
</div>



<div class="wp-block-column is-layout-flow wp-block-column-is-layout-flow">
<figure class="wp-block-image size-large"><img decoding="async" src="https://www.lorenz-iblher.com/wp-content/uploads/2024/03/Profile-1024x1024.jpg" alt="" class="wp-image-905"/></figure>
</div>
</div>

<p>Lorenz Iblher Ich wurde im Süden Portugals, in der Nähe von Sagres, als Sohn deutscher Eltern geboren und bin dort aufgewachsen. Schon in meiner Kindheit haben die Küste und die außergewöhnliche Landschaft meiner Heimat mich dazu inspiriert, zu fotografieren, und so wurde die Kamera zu meinem Arbeitswerkzeug. Nach meinem Abitur im Jahr 2020 zog ich [&hellip;]</p>

<!-- This site is optimized with the Yoast SEO plugin v24.4 - https://yoast.com/wordpress/plugins/seo/ -->
<title>About Me - Lorenz Iblher</title>
<meta name="robots" content="index, follow, max-snippet:-1, max-image-preview:large, max-video-preview:-1" />
<link rel="canonical" href="https://www.lorenz-iblher.com/de/about-me/" />
<meta property="og:locale" content="de_DE" />
<meta property="og:type" content="article" />
<meta property="og:title" content="About Me - Lorenz Iblher" />
<meta property="og:description" content="Lorenz Iblher Ich wurde im Süden Portugals, in der Nähe von Sagres, als Sohn deutscher Eltern geboren und bin dort aufgewachsen. Schon in meiner Kindheit haben die Küste und die außergewöhnliche Landschaft meiner Heimat mich dazu inspiriert, zu fotografieren, und so wurde die Kamera zu meinem Arbeitswerkzeug. Nach meinem Abitur im Jahr 2020 zog ich [&hellip;]" />
<meta property="og:url" content="https://www.lorenz-iblher.com/de/about-me/" />
<meta property="og:site_name" content="Lorenz Iblher" />
<meta property="article:modified_time" content="2024-09-23T12:07:27+00:00" />
<meta property="og:image" content="https://www.lorenz-iblher.com/wp-content/uploads/2024/03/Profile-1024x1024.jpg" />
<meta name="twitter:card" content="summary_large_image" />
<meta name="twitter:label1" content="Geschätzte Lesezeit" />
	<meta name="twitter:data1" content="1 Minute" />
<script type="application/ld+json" class="yoast-schema-graph">{"@context":"https://schema.org","@graph":[{"@type":"WebPage","@id":"https://www.lorenz-iblher.com/de/about-me/","url":"https://www.lorenz-iblher.com/de/about-me/","name":"About Me - Lorenz Iblher","isPartOf":{"@id":"https://www.lorenz-iblher.com/de/#website"},"primaryImageOfPage":{"@id":"https://www.lorenz-iblher.com/de/about-me/#primaryimage"},"image":{"@id":"https://www.lorenz-iblher.com/de/about-me/#primaryimage"},"thumbnailUrl":"https://www.lorenz-iblher.com/wp-content/uploads/2024/03/Profile-1024x1024.jpg","datePublished":"2024-09-23T12:05:37+00:00","dateModified":"2024-09-23T12:07:27+00:00","breadcrumb":{"@id":"https://www.lorenz-iblher.com/de/about-me/#breadcrumb"},"inLanguage":"de","potentialAction":[{"@type":"ReadAction","target":["https://www.lorenz-iblher.com/de/about-me/"]}]},{"@type":"ImageObject","inLanguage":"de","@id":"https://www.lorenz-iblher.com/de/about-me/#primaryimage","url":"https://www.lorenz-iblher.com/wp-content/uploads/2024/03/Profile-1024x1024.jpg","contentUrl":"https://www.lorenz-iblher.com/wp-content/uploads/2024/03/Profile-1024x1024.jpg"},{"@type":"BreadcrumbList","@id":"https://www.lorenz-iblher.com/de/about-me/#breadcrumb","itemListElement":[{"@type":"ListItem","position":1,"name":"Startseite","item":"https://www.lorenz-iblher.com/de/"},{"@type":"ListItem","position":2,"name":"About Me"}]},{"@type":"WebSite","@id":"https://www.lorenz-iblher.com/de/#website","url":"https://www.lorenz-iblher.com/de/","name":"Lorenz Iblher","description":"","potentialAction":[{"@type":"SearchAction","target":{"@type":"EntryPoint","urlTemplate":"https://www.lorenz-iblher.com/de/?s={search_term_string}"},"query-input":{"@type":"PropertyValueSpecification","valueRequired":true,"valueName":"search_term_string"}}],"inLanguage":"de"}]}</script>
<!-- / Yoast SEO plugin. -->

Lorenz Iblher Ich wurde im Süden Portugals, in der Nähe von Sagres, als Sohn deutscher Eltern geboren und bin dort aufgewachsen. Schon in meiner Kindheit haben die Küste und die außergewöhnliche Landschaft meiner Heimat mich dazu inspiriert, zu fotografieren, und so wurde die Kamera zu meinem Arbeitswerkzeug. Nach meinem Abitur im Jahr 2020 zog ich [&hellip;]
